mmon divisor of 7 and l?
7
Let f = -34 - -42. Let w be (f + -9)/((-2)/40). Calculate the highest common divisor of w and 100.
20
Let u(r) = 4*r + 38*r + 11 - 7 + 21*r. Let s be u(5). Calculate the greatest common divisor of s and 29.
29
Let d = 9 - -6. Let q = 1 - -4. Suppose -q*o + 51 = 2*w - 97, 0 = o - w - 31. Calculate the greatest common divisor of o and d.
15
Let l(x) = -8*x + 9. Let n be l(-6). Suppose n - 70 = -w. Calculate the greatest common factor of w and 26.
13
Suppose 133*u = 16541 - 315. What is the greatest common factor of 2 and u?
2
Suppose -14*x = 190 - 694. Suppose 0 = 3*a + 12, -4*z + 14 = -2*z + a. What is the greatest common factor of z and x?
9
Suppose -3*z + 2*x = -125, -z = 3*z + 4*x - 160. Let j = -77 + 118. What is the greatest common factor of j and z?
41
Let j(p) = -119*p**3 + 3*p**2 + p - 1. Let u be j(-1). Let a be (16/6)/(2/21). Let y = 2 + a. Calculate the highest common factor of y and u.
30
Suppose 5*g + r = 5*r + 86, -2*g + 5*r = -48. What is the greatest common factor of g and 854?
14
Let h = 749 + -653. Calculate the highest common factor of 64 and h.
32
Let o = 11 + -8. Suppose 5 = -5*x + 2*h + 4, -2*h + 3 = -o*x. Suppose -z + 20 = -x. Calculate the highest common divisor of 7 and z.
7
Let b = -109 - -143. Calculate the greatest common divisor of 374 and b.
34
Suppose -3*x = 279 - 411. Let h = 311 + -201. Calculate the highest common divisor of x and h.
22
Let t be 1 - (6/(-12) + (-27)/2). Suppose -t = 5*y, -2*w + 3*y + 29 = -0*y. Calculate the greatest common factor of w and 5.
5
Let w(t) = 4*t**3 - 2*t**2 - t. Let x be w(3). Let y = 122 - x. What is the greatest common factor of y and 7?
7
Let y(w) = w**3 - 6*w**2 + 21*w - 20. Let c be y(7). What is the highest common factor of 143 and c?
11
Let l = -9194 - -9211. Let s(w) = 51*w. Let d be s(1). Calculate the highest common divisor of d and l.
17
Let b(x) = -x**2 - 28*x - 16. Let j be b(-22). Let h = -112 + j. Calculate the greatest common divisor of h and 18.
2
Let z(c) = c**3 + 6*c**2 + 3. Let a be z(-5). Let s be 6*(0/1 - -1). Suppose n = 1 + s. Calculate the greatest common divisor of n and a.
7
Suppose -1779 = -3*p + 5*n, 6*n - 3*n + 2383 = 4*p. What is the highest common factor of p and 26?
26
Let d = 1224 + -1064. What is the highest common factor of d and 256?
32
Suppose 2*q - 123 = -3*s, 100 = q - 4*s + 22. Calculate the greatest common divisor of 44 and q.
22
Let j(s) = 3*s - 2. Let l be j(2). Let y be 1911/9 + 34/51. Suppose -5*v + 211 = l*n, -4*n = -8*n - 3*v + y. Calculate the highest common divisor of n and 6.
6
Let h(u) be the first derivative of 15*u - 1/3*u**3 + 1/2*u**2 + 2. Let t be h(0). What is the greatest common factor of t and 45?
15
Let j = -1745 - -1809. Suppose 4*z - 10 = 10. Suppose 0*x + 80 = z*x. Calculate the greatest common factor of j and x.
16
Let v = 12 + -30. Let r = -16 - v. What is the greatest common divisor of 18 and r?
2
Let l(m) = -m**3 - 45*m**2 - 44*m + 25. Let h be l(-44). What is the highest common divisor of h and 475?
25
Let t = 183 + -161. Let i = -215 - -303. Calculate the greatest common divisor of t and i.
22
Let q(c) = -10*c**3 - c**2 - 2*c + 5. Let v be q(3). Let g = -268 - v. Let y = -5 - -17. Calculate the highest common factor of y and g.
12
Suppose -11*i = -4*a - 2436, 3*i - 680 = 3*a + 2*a. What is the greatest common divisor of 385 and i?
55
Suppose 0 = -2*u + 2, -5*j + 5*u + 125 = -0*u. Let s = -13 + j. Let m be (-25)/(-200) - (9350/16)/(-5). What is the greatest common factor of m and s?
13
Let c(m) = m**2 + 2*m + 9. Let v be c(-5). Suppose -22 + 6 = -4*n. Suppose n*z = 3*z + v. What is the greatest common divisor of z and 48?
24
Suppose -5*m = 2*d + 10, -d - 2*m - 6 = -0*m. Let z be d/(-15)*105/2. Let l = 41 - z. What is the highest common factor of 30 and l?
6
Suppose 0 = 5*y - 113 - 22. What is the greatest common factor of 6 and y?
3
Let x be 2/(-4)*(0 + -6 + 4). Suppose -2*p + 5*u + 47 = 0, -3*u - 16 + x = 0. What is the greatest common factor of 2 and p?
1
Let p(t) = -t**3 + 11*t**2 - 20*t - 8. Let s be p(4). What is the highest common divisor of 42 and s?
6
Let a(o) = -o + 15. Let m be a(7). Let r = 17 - 9. Calculate the greatest common factor of r and m.
8
Let x be 115/2 + 1/2. Suppose 2*t = -x - 8. Let d = -27 - t. What is the highest common factor of d and 12?
6
Let q be 1967 - 2*(-2)/4. Suppose -2307 = -19*f + q. What is the greatest common factor of 90 and f?
45
Suppose -53*j + 329 - 11 = 0. Calculate the greatest common factor of 6 and j.
6
Suppose 0 = -4*q - 0*q + 200. Let b be (76 + -12)/8 - -12. Calculate the greatest common factor of b and q.
10
Let t = -27 + 103. Suppose 5*r - 10 = -h, -5*r = h - 2*r - 6. Suppose -4*o = -5*u + 148, -u - u - 4*o + t = h. Calculate the greatest common factor of u and 80.
16
Suppose -2 = 10*g - 12*g, 0 = q - 4*g. Calculate the greatest common factor of 128 and q.
4
Suppose -4*b - 3 = 2*d - 3*d, -5*d + 5*b = -45. Suppose 5*s - 49 = -29. Let o = d - s. What is the highest common factor of 21 and o?
7
Let j(n) = -4*n**2 - 1 + 5*n + 3*n**2 - 1 + 3. Let x be j(5). Let k be 0 + -2*(-1 - 3). What is the greatest common factor of x and k?
1
Let n(r) = -3*r + 2. Let f be n(-4). Let d = -268 + 394. Suppose -10*b - d = -13*b. Calculate the greatest common factor of f and b.
14
Suppose -x + 4*p + 2 = 0, -3 = -x - 5*p + 26. Let b be (16/20)/2 + (-383)/(-5). What is the highest common factor of x and b?
7
Let c(b) = -b**2 - 23*b - 42. Let o be c(-14). Let s be ((-9)/2)/((-6)/16). Calculate the greatest common factor of s and o.
12
Suppose 11*l = 14*l - 54. What is the highest common factor of l and 234?
18
Suppose -10*z + 66 = -114. Calculate the greatest common divisor of z and 42.
6
Let t be 24/(-84) - 256/(-14). Suppose -3*a + 4*a - t = 0. What is the greatest common divisor of 45 and a?
9
Let k(g) = g**3 + 6*g**2 - g - 4. Let s be k(-6). Let d be (0/4 - s) + -19. Let w be -9*(-1 + d/(-27)). What is the greatest common factor of w and 10?
2
Let x be (2 - 1)*(2 + -1 + -1). Let u(m) = -m**3 + 10*m**2 - 5*m - 1. Let p be u(4). Suppose x*s - 5*s + p = 0. What is the highest common factor of 105 and s?
15
Let b(u) = 6*u - 4. Let x be b(0). Let t be (32/(-5))/(x/110). What is the greatest common divisor of t and 16?
16
Suppose 4*t = -5*f + 5201, -2*f + 5165 = 3*f - 5*t. Calculate the greatest common divisor of 61 and f.
61
Let v be -123*2*(2 + 21/(-9)). What is the highest common factor of 205 and v?
41
Suppose 686 = 18*h - 322. Calculate the highest common factor of h and 14.
14
Let u(k) be the first derivative of -2*k**2 - 7*k - 9. Let b be u(-7). Let w = -1 - -8. Calculate the highest common factor of b and w.
7
Let f be 8*(5 + 8/(-2))*1. What is the greatest common factor of f and 1?
1
Let m(x) = x**2 + 2*x - 9. Let d be m(5). Calculate the highest common divisor of d and 26.
26
Let y = -1 + -4. Let m be 2*(0 - ((-4)/(-1))/(-8)). Let i be 1 + m + y + 27. What is the highest common factor of i and 3?
3
Let o(a) = 11*a - 4. Let j be o(2). Let f be j/(-5)*20/(-3). Let t be 3 + ((-4)/(-14) - (-3963)/21). Calculate the greatest common divisor of t and f.
24
Suppose -2*z = 5*w - 53 - 12, -z - 5 = 0. Suppose 2*v = w + 7. Suppose -n = 3*f - 38, 0 = -f - 2*f - 2*n + 43. What is the highest common divisor of f and v?
11
Let z be (-2)/(-9) - (-2752)/9. Suppose -2*r = 5*x - 174, -r + 35 = 2*x - 35. What is the highest common divisor of x and z?
34
Let a = 22 + -3. Calculate the greatest common divisor of 57 and a.
19
Suppose -3*b = -b - 18. Let k be ((-81)/(-36))/((-3)/(-8)). Let v be 4/k - (-1)/3. Calculate the greatest common divisor of b and v.
1
Let u be ((-10)/8)/(10/880). Let d = u + 194. Calculate the greatest common factor of d and 21.
21
Let l be (2 + 45/10 - 6)*150. What is the greatest common factor of l and 30?
15
Let u(o) = -142*o - 148. Let v be u(-4). What is the greatest common factor of 28 and v?
28
Let h be (25 - 0/(-1))*7308/420. What is the highest common divisor of h and 15?
15
Suppose 471 = -2*r + 715. What is the highest common divisor of r and 427?
61
Let i(s) = 330*s**2 - 11*s - 11. Let o be i(-1). Calculate the greatest common factor of 30 and o.
30
Suppose c + 4*h = -11, -5*h - 25 = -3*c + 2*c. Calculate the highest common factor of 65 